 n. What is the units digit of p?
4
Suppose -y = 3*s - 36, 20 + 44 = 2*y + 2*s. What is the tens digit of y?
3
Let r(i) = i**2 + i - 5. Let v(d) = -6*d**2 + d. Suppose -1 = 3*q - 4*s, -q + 5*s - 10 = -6*q. Let x be v(q). What is the units digit of r(x)?
5
Let i = 112 + -49. What is the units digit of i?
3
Let o(k) = k + 10. Let p be o(-8). Suppose -p*t - s - 6 = 0, 0*s + s - 2 = 0. Let v = 5 + t. What is the units digit of v?
1
Let k = 4 - -71. What is the units digit of k?
5
Suppose 3*c - 46 = 59. Suppose 5*j - 50 - c = 0. What is the tens digit of j?
1
Let v(p) = -p**3 - 5*p**2 - p - 5. Let g be v(-5). Suppose 4*z + 34 = 2*d, -4*z - 21 = -d - g*z. What is the units digit of d?
3
Let z(y) = -y**3 + 6*y**2 - 6*y + 5. Let t be z(5). What is the units digit of t - 4*(-1 + -2)?
2
Let g = -2 - -3. Let i be (9/2)/(5/10). What is the units digit of g + -2 + -1 + i?
7
Let p = -13 - -18. Suppose q + 4*l = 8 + 3, q - p*l = -16. What is the units digit of (-3)/(-2 - q/2)?
2
Suppose 2*u - 1892 = -9*u. What is the tens digit of u?
7
Suppose 6*k - 1249 = 605. What is the units digit of k?
9
Let l(u) = 3*u**2 - 7*u - 1. Let s be (1 - 1 - 1)*-5. Let m be l(s). Let b = -27 + m. What is the units digit of b?
2
Suppose -9 = -s - 0*s - r, 5*r = 3*s + 5. Suppose 5*h - 60 = -s. What is the units digit of h?
1
Suppose 4*z - 1 = 3. Suppose 4*o = 7 + z. What is the units digit of o/(-3) - (-115)/15?
7
Let z = -12 - -17. Suppose -4*j + 1 - 11 = l, 2*l + 3*j - z = 0. What is the tens digit of l?
1
Let z = 1 - -4. Suppose -5*p = -1349 + 389. What is the units digit of (-2)/z - p/(-30)?
6
Let t be -2 - (-1 - 2 - -8). Let g be 37/7 - (-2)/t. Suppose -g*o - 2*a = -32, -3*a - a + 16 = 4*o. What is the units digit of o?
8
Let y(h) = -4*h + 2. Let f be y(-1). Suppose 17 = 3*s + 5*j, 2*j - f*j - 20 = 0. What is the tens digit of s?
1
Suppose 0 = -4*w + 3*w + 20. What is the units digit of w?
0
Let n be 3/(-12) - 174/8. Suppose 4*l - 4*w + 23 = l, -5*l - 3*w - 19 = 0. Let f = l - n. What is the tens digit of f?
1
What is the units digit of ((-28)/84)/((5/(-606))/5)?
2
Let h(y) = y**2 + 2*y - 1. Suppose 0 = -2*c + 4*z + 10, -5 = -3*c - 5*z + z. What is the tens digit of h(c)?
1
Suppose 2*c = -0*c - 2*i + 32, 2*c - 2*i - 16 = 0. Let k = c + -6. What is the units digit of k?
6
Suppose 2*x = -2*i + 30, -5*x = -i - 11 - 46. What is the tens digit of x?
1
Suppose 2*y = -0*y. Suppose 3*m + 5*q - 17 = y, -27 + 7 = 4*q. What is the units digit of m?
4
Suppose -3*i - i - p + 23 = 0, -3*p - 29 = -2*i. Suppose -2*y - 2 = 4*g - 0, 2*g - 5*y - 29 = 0. What is the units digit of i - 0*(-1)/g?
7
Suppose 2*f = -3*p + 18, -f - 5*p + 32 = 3*f. Suppose 3*j + 3*i = 4*i + 10, -4*i = 3*j - 35. Let t = j - f. What is the units digit of t?
2
Let r(v) be the first derivative of 1/2*v**2 + 1/3*v**3 - 4*v + 2. What is the units digit of r(-3)?
2
Let t(b) = b**3 - 6*b**2 - b - 11. What is the hundreds digit of t(8)?
1
Suppose 0 = 4*y - 0*a - 2*a + 34, 2*y = -2*a - 8. Let r(x) = x**3 + 6*x**2 - 7*x. Let c be r(y). Let v = c - -6. What is the units digit of v?
6
Let f = 3 + 2. Suppose 1 = 5*t + 2*s - 3, s = t - f. Let l = 0 + t. What is the units digit of l?
2
Suppose -5*f - 81 - 151 = -2*j, 0 = -2*j - 5*f + 212. What is the hundreds digit of j?
1
Let v = -38 + 20. What is the units digit of v/4*(2 + -4)?
9
Let r be (0 - (-5 + 2))/1. Suppose r*m - 6*m + 27 = 0. Suppose 0*y = b + y - m, 4*b = 5*y + 36. What is the units digit of b?
9
Suppose 3*j = 2*s - 0*j + 23, -2*j - 86 = 5*s. What is the units digit of 140/(s/(-4)) + 4?
9
Let x be 220/(-70) - (-2)/14. Let w(a) = -2*a**3 - 4*a**2 - 3*a. What is the units digit of w(x)?
7
Suppose 5*n - 185 - 60 = 0. What is the units digit of n?
9
Suppose -4*t = 5 + 3. Let g = t - -2. Suppose g*k = 2*k - 2. What is the units digit of k?
1
What is the units digit of (-30)/(-4)*1664/48?
0
Suppose -4*c + u = 24, 0 = 2*c - 3*u - u + 12. What is the tens digit of ((-3)/(c/116))/2?
2
Let j be (24/10)/(57/190). Let l = j - -26. What is the tens digit of l?
3
Suppose -m + 87 + 5 = 0. What is the units digit of m?
2
Suppose -3*w + 4 = w. What is the tens digit of (-3 + 6)/(w/4)?
1
What is the units digit of (-26)/39*(-306)/4?
1
Let z(i) = -i + 10. Let q be z(7). Suppose 0 = -j + 3*f + 18, 5*j - 147 = -q*f + 15. Suppose -a - 10 = a + 4*v, 0 = 3*a - 3*v - j. What is the units digit of a?
5
Suppose 0*k = k + 2. Let r = k + 11. Let z = 0 + r. What is the units digit of z?
9
Let g be -10*2/(-4) + -1. Suppose w = g*l - 16, -5*l + 9 = 5*w - 11. Let y = w - -4. What is the units digit of y?
4
Suppose 2*p + 312 = 5*g, -p + 47 + 138 = 3*g. What is the units digit of g?
2
Suppose -2 = -3*a + 43. Let k = a + -7. Suppose -2*i = 5*s - 44, -k = 5*i + 7. What is the tens digit of s?
1
Let w = -111 - -166. Suppose 85 + w = 4*o. Suppose q = 3*f - 2, -o - 5 = -4*q - 4*f. What is the units digit of q?
7
Suppose -5*c = z - 5, -4*c + 2 = 5*z - 23. What is the units digit of c*(-1)/4 - -9?
9
Let q(i) = -8*i + 2. Let x be q(1). Let l = 0 + 0. What is the units digit of l + -1 + 2 - x?
7
Let s be -7*-2*(-3)/(-6). Let c(z) = -z. Let v(r) = -r**3 + 6*r**2 + 4*r - 9. Let u(y) = -5*c(y) + v(y). What is the units digit of u(s)?
5
Let r(q) = q**3 - 7*q**2 - 9*q. Let w be r(8). Let m = -1 - w. What is the units digit of m?
7
Let q be (-9)/(-45) - 8/(-10). Let w(g) be the third derivative of 13*g**5/60 - g**4/24 + 2*g**2. What is the units digit of w(q)?
2
Suppose 0*m + 2*m = 0. Suppose m = 4*u - 6*u + 6. What is the units digit of u?
3
Let g(m) = m - 2. Let h(n) = -2*n - 9. Let s be h(-10). What is the units digit of g(s)?
9
Let y = 39 - 4. What is the units digit of y?
5
What is the units digit of (6/(-4))/(14/(-308))?
3
Suppose 4*x - 8*x + 68 = 0. What is the tens digit of x?
1
Let r(f) = 3*f**2 - 12. What is the tens digit of r(5)?
6
Suppose -4*c = -5*o + 4, -4*o + 3 = -7*c + 4*c. What is the units digit of c/2*(-97 - -1)?
8
Suppose -10*p = -6*p - 48. What is the tens digit of p?
1
Let g(a) = -2*a + a**2 + 3*a - 2 + 0*a**2. Let h be g(-2). Suppose h = y - 0*y - 4. What is the units digit of y?
4
Let a(x) = -11*x + 4. Suppose -15 = 5*u - 5. What is the units digit of a(u)?
6
Suppose 0*c - 9 = 3*c - 4*k, k = 2*c + 11. Let w(s) = -s + 4. What is the tens digit of w(c)?
1
Let r = 105 + -55. What is the units digit of r?
0
Let d = 394 + -190. What is the tens digit of d?
0
Let n = 103 + -97. What is the units digit of n?
6
Suppose -n + 2*u + 2 = 12, 3*u - 15 = -5*n. Let x(q) = -q**2 + 2*q + 27. What is the units digit of x(n)?
7
Suppose -10*v + 6*v + 172 = 0. What is the units digit of v?
3
Suppose -43 = 3*p - 103. Let q = 1 + p. What is the tens digit of q?
2
What is the units digit of (-5)/5 - (-149 - 3)?
1
Let v = 2 - -2. Let w be -2 - 4/(v/(-3)). Let d(t) = 6*t + 1. What is the units digit of d(w)?
7
Suppose -2*r = -3*g + 3*r - 16, 3*r + 2 = -4*g. Let s = 0 - g. Suppose s*c = -0*c + 8. What is the units digit of c?
4
Let b(d) = d**2 - 2*d + 8. What is the units digit of b(5)?
3
Suppose -o + 10 = 2. Suppose -s + o + 1 = 0. What is the units digit of s?
9
Let t = 4 - -1. Suppose 5*p + 0*p + t = 0. Let m = 4 + p. What is the units digit of m?
3
What is the tens digit of 3/6 - 267/(-6)?
4
Suppose 17 - 49 = -4*o. What is the units digit of ((-1)/2)/((-4)/o)?
1
Suppose -1 = -2*d + 1. What is the units digit of d?
1
Suppose 55 = i - 0*i - 5*p, 4*i - 130 = 2*p. What is the units digit of i?
0
Let r = 12 - 7. Suppose -4*x + 2*x = -3*v - 9, -5*x = r*v + 15. Suppose x*z + 8 = 2*i + 2*z, 5*z = -3*i + 10. What is the units digit of i?
5
Suppose 3*w + 0*n = -n + 12, 0 = 3*w + 3*n - 6. Suppose b + 0*b - 3 = 0, w*t = -4*b + 12. Let p(l) = -l**3 - l + 6. What is the units digit of p(t)?
6
Suppose -5*d + 4*i + 1149 = 0, -2*i - 278 = 3*d - 963. What is the tens digit of d?
2
Let a(j) = -j**3 - 14*j**2 + 11*j + 3. What is the units digit of a(-15)?
3
Let f(s) = s + 7. Let i be f(-7). Suppose -3*u + r = 2 - 19, i = u + 5*r + 21. What is the units digit of u?
4
Suppose -5*h = -4*r - 429 + 30, 5*r - 186 = -2*h. What is the units digit of h?
3
Let i be (-2)/(-2) - 30/(-3). Let z be 3/12 - (-11)/4. Suppose -z - i = -p. What is the tens digit of p?
1
Let u = -11 + 13. What is the units digit of u?
2
Let n(o) = 5*o**2 - 7*o + 1. Let 